*v - 8. Let f be j(-7). What is the units digit of (-40)/f*(-12)/8?
0
Suppose -n + 4*p + 16 = 0, 2*p = -5*n - 0*p - 8. Suppose n = 2*k + 3*k - 65. Suppose -r = 2*o - 4*r - k, -36 = -3*o - r. What is the tens digit of o?
1
Suppose -5*c - 5*i + 45 = 5, i = c. Let t = 3 - 4. Let b = c - t. What is the units digit of b?
5
Suppose 0 = -4*k + 5*t + 485, -2*k = 3*t + 93 - 352. What is the tens digit of k?
2
What is the units digit of (50/6)/(-2 + 258/126)?
5
Let x be -1 - 4/(1 + 0). Let i = 9 + x. What is the units digit of i?
4
Let p(i) = -i**2 - 10*i + 1. Let v be p(-10). Let j(o) = 9 - 2 - o + v + 0*o. What is the units digit of j(-9)?
7
Let v(d) = -d**3 - 11*d**2 - 7*d - 5. What is the units digit of v(-11)?
2
Suppose 0 = 2*k - 0*k - 6. Let o = -2 + k. What is the units digit of o?
1
Let n(f) = -f**3 + f. Let v be n(-1). Suppose v = -x + 4, 5*w - x + 0*x - 61 = 0. What is the tens digit of w?
1
Suppose 2*w + 3 = 13. Suppose -w*g + 69 = -3*q, -2*g + 3 = 4*q - 9. Suppose -g = -4*i + 64. What is the units digit of i?
9
What is the units digit of -2 - (-247 - -4) - 6/(-3)?
3
Let g(c) = -c**3 + 11*c**2 + 10*c + 4. Let j be g(12). Let f = 32 + j. What is the units digit of f?
2
What is the tens digit of 20 - (1 + 1 + -4)?
2
Suppose 0 = -i - 5*i + 6. What is the units digit of i?
1
Let b = 0 + -8. Let l = 17 + b. Let u(z) = -z**2 + 11*z + 3. What is the tens digit of u(l)?
2
Suppose -c = c - 194. Suppose -4*f + 170 = -2*z, -3*z - c = -4*f + 76. Suppose -f = -4*v - 4*w + 3*w, -5*w = 3*v - 18. What is the tens digit of v?
1
Let q(i) = -i - 5. Let z be q(-5). Let x = -16 - -19. Suppose 4*b + a - 35 = z, x*b - 33 = -5*a + 6. What is the units digit of b?
8
Let c be 6/1 + (2 - 3). Suppose -2*g - 3*n = 4, g + 0*g = -c*n - 9. Let t(j) = 6*j + 1. What is the units digit of t(g)?
7
What is the units digit of 0*1/(-2) - -2?
2
Let x(z) be the third derivative of 1/4*z**4 - 5*z**2 + 0*z + 0 - 2/3*z**3. What is the units digit of x(3)?
4
Let h = 85 - -53. What is the units digit of h?
8
What is the tens digit of (12/4)/(12/160)?
4
Let w = 6 - 15. Let l(k) be the third derivative of k**5/60 + 3*k**4/8 + 5*k**3/3 + k**2. What is the tens digit of l(w)?
1
Let c(n) = -n**2 + 4*n - 5. Let l(u) = -4*u**2 + 16*u - 21. Let t(g) = 9*c(g) - 2*l(g). Let h be t(2). What is the units digit of (7 + (1 - 3))*h?
5
Suppose -41 = -2*g - y, 3*g - 105 = 4*y - 16. Suppose -f - 3*q - 9 = 0, -5*q - g = -3*f - 4*q. Suppose 4*t + 2 = f. What is the units digit of t?
1
What is the units digit of 2/(-10) + 166/5?
3
Let y(p) = 5*p**2 - 2*p - 2. Let z be y(-2). Let o = 37 - z. What is the tens digit of o?
1
Suppose 0 = -2*m - 1 + 3, 0 = 4*f - 5*m + 5. Suppose -3*i + 49 = -4*r, i + 0*i - 2*r - 15 = f. What is the tens digit of i?
1
Suppose 11*u + 435 = 16*u. What is the units digit of u?
7
Let m = 44 - 25. What is the tens digit of m?
1
Let t = 446 - 315. What is the tens digit of t?
3
Suppose -2*v = -3*v - 2*k + 33, 0 = -k - 5. What is the units digit of v?
3
Suppose s - 4*c - 41 = 16, -3*c + 186 = 3*s. What is the units digit of s?
1
Suppose -3*g + 2*c = -77, -2*c + 29 = -5*g + 156. What is the units digit of 360/g - 6/(-10)?
5
Let t(y) = 16*y - 3. Let p be t(2). Let k = p - 18. What is the tens digit of k?
1
Let j(t) = 2*t**2 - 4*t - 1. Let q be j(3). Suppose -q*h + 6 = -34. Suppose -h + 3 = -5*m. What is the units digit of m?
1
Suppose -2*k + 46 - 5 = -3*f, -4*k + 89 = f. What is the tens digit of k?
2
Let z = 16 - 16. Let h(t) = t + 9. What is the units digit of h(z)?
9
Suppose -4 = -2*g - 0*g. Suppose -g*c + 6 = -98. What is the tens digit of c?
5
Let a = 76 + -40. What is the units digit of a?
6
Let z(f) = -2*f. Let v be z(4). Let m(q) = q**3 + 9*q**2 + 7*q. What is the units digit of m(v)?
8
Let d = 8 + -4. Suppose v - 4*y = -8*y - d, 6 = -2*y. Suppose 0 = -2*c + 8, -2*m = c - v - 4. What is the units digit of m?
4
Suppose 2*z + 179 = 5*g, 3*z + 144 = 4*g + z. What is the units digit of 1105/g + (-12)/21?
1
Let a = -3 - 27. Let u = a - -68. What is the tens digit of u?
3
Suppose 2*k + 9 = a, a - 4 - 10 = -3*k. What is the tens digit of a?
1
Suppose 945 = 3*q + 2*q. What is the units digit of 1/(-3)*q/(-9)?
7
Suppose c = 2*v, -12 = 3*c + 2*v - 28. Suppose 2*j + 3*h - c - 4 = 0, 4*h = -5*j + 13. Suppose -j = 3*k - 37. What is the tens digit of k?
1
Let i(p) = -p**2 - p. Let o be i(-2). What is the units digit of -1 + o*(-1 + 0)?
1
Let c(k) = -k**3 - 5*k**2 + 4*k - 8. Let j be c(-6). What is the units digit of 5 - (4 - j/2)?
3
Let g(i) = -29*i + 4. What is the hundreds digit of g(-6)?
1
Let d(g) = g**3 + 8*g**2 + 8*g + 6. Let a be d(-5). Suppose -5*c + 56 = -b + 3, -3*c - 4*b = -a. What is the units digit of c?
1
Let a be (-1 - 3)*(-2 + 0). Suppose -3*h + a*h + 4*n = 218, 216 = 5*h + 3*n. What is the units digit of h?
2
Let v = 30 - 51. Let u = v - -58. What is the units digit of u?
7
Let t = 6 + -1. Suppose -5 = -5*w, -d - 14 = -t*d + 2*w. What is the units digit of d?
4
Suppose -2*i + a - 240 = -6*i, -2*a - 169 = -3*i. What is the units digit of i?
9
What is the hundreds digit of (1 - 2)/(-1) - -119?
1
Let l = 30 + 55. Let t = l - 48. What is the tens digit of t?
3
Let f be (7/2)/((-2)/(-4)). Suppose -85 = -f*a + 2*a. What is the tens digit of a?
1
Let v = -2 + -1. Let r(l) = -l - 2. Let y be r(v). What is the units digit of (-27)/(-4) + y/4?
7
Let j be (1 + 0)*1*-4. Let i = j + 14. Let y = 27 - i. What is the tens digit of y?
1
What is the units digit of ((-6)/(-4))/((-1)/(-6))?
9
Let s(b) = b - 8. Let m be s(10). Suppose 3*a = 3*v - 102, 5*a - 50 = -m*v + a. What is the units digit of v?
1
Let g(d) = 2*d. Let m be (-42)/(-8) - 2/8. Suppose 0 = m*n - 5*z - 40, -n + 4*z - z + 16 = 0. What is the units digit of g(n)?
8
Suppose 4*z = 3*y + 2, -5*z + 5*y + 3 = -2. Suppose -b - 5*b = 6. What is the units digit of 1/(z/(b + 0))?
1
Suppose 0 = 2*l + w - 76, -2*l - w - 32 = -3*l. What is the units digit of l?
6
Let z be (1 + -1 + 1)*2. Let d be 9/4 + 5/(-20). Suppose 0 = -z*s + 8 - d. What is the units digit of s?
3
Suppose -r + 2*r - 2 = 0. Suppose -r*g + g = -6. What is the units digit of g?
6
Suppose 5*w - i = 1205, 0 = -0*w + 4*w - 4*i - 948. What is the units digit of w?
2
Let i = -5 + 10. Suppose -15 = 4*w + i*f, w - 3*w = -3*f - 9. Suppose w = -4*a + 5 + 7. What is the units digit of a?
3
Let r = 7 + -5. Suppose -s - 14 = 2*l - l, -r*s - 67 = 5*l. What is the units digit of (-2)/6*(1 + l)?
4
Let w(q) = 2*q**2 + 7*q + 1. Let y be w(-3). Let k = -13 + 19. Let g = k + y. What is the units digit of g?
4
Let i = 6 - 15. Suppose -47 = -3*g + 10. Let u = g + i. What is the tens digit of u?
1
Let x(n) = -n + 3. Let c be x(0). Suppose 2*q - 27 = -c*a + 5*q, -q - 33 = -5*a. What is the units digit of a?
6
Suppose -5*l = 11 + 9. Let b be (-94)/(-18) - (-4)/(-18). Let c = b + l. What is the units digit of c?
1
Let d be -2 - 2*-1 - -6. What is the tens digit of (-4)/(-6)*99/d?
1
Suppose 0 = -4*m + 6*m - 10. Let w = m - -1. Suppose h = w*h - 95. What is the tens digit of h?
1
Let q(a) = 10*a - 11. What is the units digit of q(5)?
9
Let g(a) be the third derivative of a**6/120 + 3*a**5/20 + 7*a**4/24 - a**3/2 - 2*a**2. What is the units digit of g(-8)?
5
Let v(x) = -x**3 - 2*x**2 - 2. Let a be v(-3). Let h = -6 + a. What is the units digit of h?
1
Suppose 2*q - 144 = -3*j + 4*j, 3*q - j - 217 = 0. What is the tens digit of q?
7
Let s(d) = 3 - 2 - 2*d - 7. Let y be s(-4). Suppose 12 = 2*p + y. What is the units digit of p?
5
Suppose 5*y = -3*v + 2508 - 456, -3*y - v + 1228 = 0. What is the hundreds digit of y?
4
Suppose u = 6*u + 4*n - 69, -5*u + 3*n = -97. Suppose -5*i = -3*j + 4*j + 9, u = -5*j + 3*i. Let c(h) = -h**2 - 4*h + 1. What is the units digit of c(j)?
1
Let v = -17 + 25. Suppose 4*m = v + 4. Suppose 10 = -5*o, -3*d = m*o - 0*o - 12. What is the units digit of d?
6
Let w be ((-12)/10)/(1/5). Let o = -4 - w. What is the units digit of o?
2
Let k = 25 + -13. What is the units digit of k?
2
Let j be (-97)/(-9) - 4/(-18). Suppose 5*i - j = -3*s, -15 = -5*i - 0*i - 5*s. What is the units digit of i?
1
Let z = 20 + -16. What is the units digit of z?
4
Let u be 100/(-55) + 2/(-11). Let j = 16 + u. What is the units digit of j?
4
Let x(g) = -g**2 + 7*g - 5. Let s be x(6). Let w = s + 15. What is 